{"id":37,"date":"2024-06-02T11:24:21","date_gmt":"2024-06-02T09:24:21","guid":{"rendered":"https:\/\/www.aikido-sombernon.fr\/?page_id=37"},"modified":"2024-08-25T16:17:33","modified_gmt":"2024-08-25T14:17:33","slug":"presentation","status":"publish","type":"page","link":"https:\/\/www.aikido-sombernon.fr\/?page_id=37","title":{"rendered":"Pr\u00e9sentation"},"content":{"rendered":"\n<div class=\"wp-block-group is-layout-constrained wp-block-group-is-layout-constrained\">\n<h3 class=\"wp-block-heading\">L&rsquo;AIKIDO : voie de la non-violence.<\/h3>\n\n\n\n<p class=\"has-normal-font-size\">\u00ab La voie de l&rsquo;harmonie des \u00e9nergies. \u00bb<\/p>\n\n\n\n<p class=\"has-normal-font-size\">C&rsquo;est ainsi que l&rsquo;on pourrait traduire le terme d&rsquo;A\u00efkido. Compos\u00e9 de&nbsp;<em>A\u00ef<\/em>&nbsp;qui signifie \u00ab\u00a0harmonie\u00a0\u00bb, \u00ab\u00a0union\u00a0\u00bb ;&nbsp;<em>Ki<\/em>&nbsp;qui signifie \u00ab\u00a0souffle\u00a0\u00bb, \u00ab\u00a0\u00e9nergie vitale\u00a0\u00bb et&nbsp;<em>D\u00f4<\/em>&nbsp;qui veut dire \u00ab\u00a0voie\u00a0\u00bb, \u00ab\u00a0chemin \u00e0 suivre\u00a0\u00bb.&nbsp;<\/p>\n\n\n\n<p class=\"has-normal-font-size\">N\u00e9 le 14 d\u00e9cembre 1883, le cr\u00e9ateur de cet art martial, Morihei UESHIBA, \u00e9tait un enfant de faible constitution. Il s&rsquo;int\u00e9ressa tr\u00e8s t\u00f4t \u00e0 la vie spirituelle et religieuse. Afin d&rsquo;\u00e9quilibrer cette tendance, ses parents l&rsquo;encourag\u00e8rent \u00e0 poursuivre des activit\u00e9s physiques telles que le sumo et la natation. A 20 ans, lors d&rsquo;un voyage \u00e0 Tokyo, il suivit l&rsquo;enseignement du<em>&nbsp;tenjin shin-y\u00f4-ry\u00fb<\/em>&nbsp;(une an-cienne forme de Ju-Jitsu). En parall\u00e8le, il per\u00e7a les secrets du<em>&nbsp;Ken-Jutsu<\/em>&nbsp;(techniques de sabre transmises depuis le 12\u00e8me si\u00e8cle par les combattants de la famille Minamoto).<\/p>\n\n\n\n<figure class=\"wp-block-image aligncenter size-full is-resized\"><img loading=\"lazy\" decoding=\"async\" width=\"620\" height=\"884\" src=\"http:\/\/www.aikido-sombernon.fr\/wp-content\/uploads\/2024\/08\/Morihei-Ueshiba.png\" alt=\"\" class=\"wp-image-336\" style=\"width:393px;height:auto\" srcset=\"https:\/\/www.aikido-sombernon.fr\/wp-content\/uploads\/2024\/08\/Morihei-Ueshiba.png 620w, https:\/\/www.aikido-sombernon.fr\/wp-content\/uploads\/2024\/08\/Morihei-Ueshiba-210x300.png 210w\" sizes=\"auto, (max-width: 620px) 100vw, 620px\" \/><figcaption class=\"wp-element-caption\"><strong>Morihei Ueshiba<\/strong><\/figcaption><\/figure>\n\n\n\n<p class=\"has-normal-font-size\">En f\u00e9vrier 1915, il rencontra le ma\u00eetre de l&rsquo;\u00e9cole Da\u00efto : Sokaku TAKEDA (expert dans l&rsquo;art de manier le sabre et disciple de Sa\u00efgo TANOMO appartenant \u00e0 la caste guerri\u00e8re A\u00efzu). Ce dernier accepta de lui enseigner les techniques secr\u00e8tes du Da\u00efto-ry\u00fb a\u00efki-jutsu (syst\u00e8me d&rsquo;autod\u00e9fense).<\/p>\n\n\n\n<p class=\"has-normal-font-size\">Tr\u00e8s pein\u00e9 par la mort de son p\u00e8re en janvier 1920, Ma\u00eetre UESHIBA d\u00e9cida de se retirer \u00e0 Ayabe, dans un temple, sous la direction de Wanisaburo DEGUCHI. C&rsquo;est pendant cette p\u00e9riode de m\u00e9ditation, que Morihei UESHIBA eut la r\u00e9v\u00e9lation que le vrai budo n&rsquo;est pas de vaincre un adversaire par la force, mais de garder la paix en ce monde.<\/p>\n\n\n\n<p class=\"has-normal-font-size\">C&rsquo;est ainsi que naquit l&rsquo;A\u00efkido.<\/p>\n\n\n\n<p class=\"has-normal-font-size\">En avril 1931, Le Ma\u00eetre s&rsquo;installa dans un quartier de Tokyo, dans un dojo nouvellement construit, auquel il donna le nom de KOBUKAN. <\/p>\n\n\n\n<div class=\"wp-block-columns is-layout-flex wp-container-core-columns-is-layout-28f84493 wp-block-columns-is-layout-flex\">\n<div class=\"wp-block-column is-layout-flow wp-block-column-is-layout-flow\">\n<figure class=\"wp-block-image size-full\"><img loading=\"lazy\" decoding=\"async\" width=\"1024\" height=\"619\" src=\"http:\/\/www.aikido-sombernon.fr\/wp-content\/uploads\/2024\/08\/Opening-ceremony-of-the-Kobukan-April-1931.jpg\" alt=\"\" class=\"wp-image-351\" srcset=\"https:\/\/www.aikido-sombernon.fr\/wp-content\/uploads\/2024\/08\/Opening-ceremony-of-the-Kobukan-April-1931.jpg 1024w, https:\/\/www.aikido-sombernon.fr\/wp-content\/uploads\/2024\/08\/Opening-ceremony-of-the-Kobukan-April-1931-300x181.jpg 300w, https:\/\/www.aikido-sombernon.fr\/wp-content\/uploads\/2024\/08\/Opening-ceremony-of-the-Kobukan-April-1931-768x464.jpg 768w\" sizes=\"auto, (max-width: 1024px) 100vw, 1024px\" \/><figcaption class=\"wp-element-caption\">C\u00e9r\u00e9monie d&rsquo;ouverture du Kobukan en 1931<\/figcaption><\/figure>\n<\/div>\n\n\n\n<div class=\"wp-block-column is-layout-flow wp-block-column-is-layout-flow\">\n<figure class=\"wp-block-image aligncenter size-full is-resized\"><img loading=\"lazy\" decoding=\"async\" width=\"1024\" height=\"739\" src=\"http:\/\/www.aikido-sombernon.fr\/wp-content\/uploads\/2024\/08\/Main-dojo-of-the-Kobukan.jpg\" alt=\"\" class=\"wp-image-350\" style=\"width:364px;height:auto\" srcset=\"https:\/\/www.aikido-sombernon.fr\/wp-content\/uploads\/2024\/08\/Main-dojo-of-the-Kobukan.jpg 1024w, https:\/\/www.aikido-sombernon.fr\/wp-content\/uploads\/2024\/08\/Main-dojo-of-the-Kobukan-300x217.jpg 300w, https:\/\/www.aikido-sombernon.fr\/wp-content\/uploads\/2024\/08\/Main-dojo-of-the-Kobukan-768x554.jpg 768w\" sizes=\"auto, (max-width: 1024px) 100vw, 1024px\" \/><figcaption class=\"wp-element-caption\">Dojo Principal du Kobukan<\/figcaption><\/figure>\n<\/div>\n<\/div>\n\n\n\n<p class=\"has-normal-font-size\">Ce n&rsquo;est qu&rsquo;en 1948, apr\u00e8s avoir \u00e9t\u00e9 ferm\u00e9 par les am\u00e9ricains pendant la guerre, que ce dojo pris le nom d&rsquo;AIKIKAI.<\/p>\n\n\n\n<figure class=\"wp-block-image size-full is-resized\"><img loading=\"lazy\" decoding=\"async\" width=\"1024\" height=\"663\" src=\"http:\/\/www.aikido-sombernon.fr\/wp-content\/uploads\/2024\/08\/The-Kobukan-in-1967.jpg\" alt=\"\" class=\"wp-image-352\" style=\"width:920px;height:auto\" srcset=\"https:\/\/www.aikido-sombernon.fr\/wp-content\/uploads\/2024\/08\/The-Kobukan-in-1967.jpg 1024w, https:\/\/www.aikido-sombernon.fr\/wp-content\/uploads\/2024\/08\/The-Kobukan-in-1967-300x194.jpg 300w, https:\/\/www.aikido-sombernon.fr\/wp-content\/uploads\/2024\/08\/The-Kobukan-in-1967-768x497.jpg 768w\" sizes=\"auto, (max-width: 1024px) 100vw, 1024px\" \/><figcaption class=\"wp-element-caption\"><strong>Kobukan<\/strong><\/figcaption><\/figure>\n\n\n\n<p class=\"has-normal-font-size\">Apr\u00e8s la guerre, l&rsquo;A\u00efkido fut le premier art martial qui re\u00e7ut l&rsquo;autorisation de reprendre la pratique en raison de sa tendance pacifiste. D\u00e9s lors, le nombre des \u00e9l\u00e8ves ne fit qu&rsquo;augmenter et c&rsquo;est \u00e0 cette \u00e9poque que naquit vraiment la forme moderne d&rsquo;A\u00efkido.<\/p>\n\n\n\n<p class=\"has-normal-font-size\">En avril 1969, lorsque le Ma\u00eetre mourut, l&rsquo;A\u00efkido \u00e9tait pratiqu\u00e9 par des centaines de milliers de personnes sur les cinq continents.<\/p>\n\n\n\n<p class=\"has-normal-font-size\">Ce bref historique est indispensable pour comprendre la recherche spirituelle qui a conduit \u00e0 la naissance de l&rsquo;A\u00efkido. Si cette r\u00e9flexion est pr\u00e9sente dans tous les arts martiaux, jamais personne ne l&rsquo;avait approfondie jusqu&rsquo;\u00e0 englober en son sein l&rsquo;amour de l&rsquo;humanit\u00e9. L&rsquo;a\u00efkidoka doit s&#8217;employer \u00e0 chasser de lui tout ce qui s&rsquo;oppose \u00e0 cette id\u00e9e : m\u00e9pris, peur, orgueil, haine, etc&#8230; Faute d&rsquo;une telle compr\u00e9hension, la pratique seule, demeure en partie inefficace.<\/p>\n\n\n\n<p class=\"has-normal-font-size\"><\/p>\n\n\n\n<h3 class=\"wp-block-heading\">L&rsquo;A\u00cfKIDO ART MARTIAL<\/h3>\n\n\n\n<p class=\"has-normal-font-size\">L&rsquo;A\u00efkido est un art martial impr\u00e9gn\u00e9 de la tradition chevaleresque Japonaise dont il est l&rsquo;un des aboutissements.<br>Cr\u00e9\u00e9 au d\u00e9but du si\u00e8cle sous l&rsquo;impulsion de Ma\u00eetre Morihei UESHIBA (1883-1969), l&rsquo;A\u00efkido fait la synth\u00e8se des anciens arts de combat destructeurs dans le but de rechercher \u00e0 d\u00e9sarmer l&rsquo;adversaire et plut\u00f4t que de l&rsquo;abattre, de neutraliser ses intentions agressives.&nbsp;<\/p>\n\n\n\n<p class=\"has-normal-font-size\">De port\u00e9e universelle, l&rsquo;A\u00efkido s&rsquo;est r\u00e9pandu dans le monde entier en conservant l&rsquo;esprit et les valeurs qui lui ont donn\u00e9 naissance; ainsi chacun peut pratiquer l&rsquo;A\u00efkido sans abandonner sa propre culture.<\/p>\n\n\n\n<p class=\"has-normal-font-size\"><\/p>\n\n\n\n<h3 class=\"wp-block-heading\">EFFICACIT\u00c9<\/h3>\n\n\n\n<p class=\"has-normal-font-size\">Les techniques d&rsquo;A\u00efkido utilisent des projections et des immobilisations pouvant \u00eatre accompagn\u00e9es&nbsp;<em>d&rsquo;at\u00e9mis<\/em>.<\/p>\n\n\n\n<p class=\"has-normal-font-size\">L&rsquo;A\u00efkido utilise essentiellement la non r\u00e9sistance et les d\u00e9placements. Le principe fondamental consiste \u00e0 faire le vide devant l&rsquo;adversaire en \u00e9vitant de s&rsquo;opposer directement \u00e0 son attaque et en s&rsquo;int\u00e9grant dans l&rsquo;action qu&rsquo;il a engag\u00e9e.<\/p>\n\n\n\n<p class=\"has-normal-font-size\">Les mouvements d&rsquo;A\u00efkido, tr\u00e8s fluides, s&rsquo;inscrivent essentiellement dans des cercles et des spirales avec un travail important de respiration, de concentration, de recherche d&rsquo;harmonie et d&rsquo;\u00e9nergie dans le mouvement.<\/p>\n\n\n\n<p class=\"has-normal-font-size\">L&rsquo;aspect s\u00e9duisant des techniques fluides et l&rsquo;\u00e9l\u00e9gance des d\u00e9placements, ne diminuent en rien l&rsquo;efficacit\u00e9 de l&rsquo;A\u00efkido. Ex\u00e9cut\u00e9es dans la r\u00e9alit\u00e9 du combat les techniques d&rsquo;A\u00efkido peuvent \u00eatre redoutable.<\/p>\n\n\n\n<p class=\"has-normal-font-size\"><\/p>\n\n\n\n<h3 class=\"wp-block-heading\">L&rsquo;AIKI TA\u00cfSO<\/h3>\n\n\n\n<p class=\"has-normal-font-size\"><strong>Aiki :<\/strong>&nbsp;Union des \u00e9nergies<\/p>\n\n\n\n<p class=\"has-normal-font-size\"><strong>Ta\u00efso<\/strong>&nbsp;: Gymnastique<\/p>\n\n\n\n<p class=\"has-normal-font-size\">L&rsquo;Aiki Ta\u00efso regroupe une grande vari\u00e9t\u00e9 d exercices, m\u00e9ditation, concentration, respiration, travail sur l \u00e9nergie, assouplissement, renforcement musculaire profond, rel\u00e2chement, relaxation.<\/p>\n\n\n\n<p class=\"has-normal-font-size\">Il est une m\u00e9thode qui permet de renforcer la sant\u00e9 physique et mentale.<\/p>\n\n\n\n<p class=\"has-normal-font-size\">Il repr\u00e9sente l&rsquo;ensemble des exercices pr\u00e9paratoires \u00e0 la pratique des Arts Martiaux en g\u00e9n\u00e9rale et l&rsquo; A\u00efkido en particulier.<\/p>\n<\/div>\n\n\n\n<p><\/p>\n","protected":false},"excerpt":{"rendered":"<p>L&rsquo;AIKIDO : voie de la non-violence. \u00ab La voie de l&rsquo;harmonie des \u00e9nergies. \u00bb C&rsquo;est ainsi que l&rsquo;on pourrait traduire le terme d&rsquo;A\u00efkido. Compos\u00e9 de&nbsp;A\u00ef&nbsp;qui signifie \u00ab\u00a0harmonie\u00a0\u00bb, \u00ab\u00a0union\u00a0\u00bb ;&nbsp;Ki&nbsp;qui signifie \u00ab\u00a0souffle\u00a0\u00bb, \u00ab\u00a0\u00e9nergie vitale\u00a0\u00bb et&nbsp;D\u00f4&nbsp;qui veut dire \u00ab\u00a0voie\u00a0\u00bb, \u00ab\u00a0chemin \u00e0 suivre\u00a0\u00bb.&nbsp; N\u00e9 le 14 d\u00e9cembre 1883, le cr\u00e9ateur de cet art martial, Morihei UESHIBA, \u00e9tait un [&hellip;]<\/p>\n","protected":false},"author":1,"featured_media":0,"parent":0,"menu_order":0,"comment_status":"closed","ping_status":"closed","template":"","meta":{"footnotes":""},"class_list":["post-37","page","type-page","status-publish","hentry"],"_links":{"self":[{"href":"https:\/\/www.aikido-sombernon.fr\/index.php?rest_route=\/wp\/v2\/pages\/37","targetHints":{"allow":["GET"]}}],"collection":[{"href":"https:\/\/www.aikido-sombernon.fr\/index.php?rest_route=\/wp\/v2\/pages"}],"about":[{"href":"https:\/\/www.aikido-sombernon.fr\/index.php?rest_route=\/wp\/v2\/types\/page"}],"author":[{"embeddable":true,"href":"https:\/\/www.aikido-sombernon.fr\/index.php?rest_route=\/wp\/v2\/users\/1"}],"replies":[{"embeddable":true,"href":"https:\/\/www.aikido-sombernon.fr\/index.php?rest_route=%2Fwp%2Fv2%2Fcomments&post=37"}],"version-history":[{"count":19,"href":"https:\/\/www.aikido-sombernon.fr\/index.php?rest_route=\/wp\/v2\/pages\/37\/revisions"}],"predecessor-version":[{"id":356,"href":"https:\/\/www.aikido-sombernon.fr\/index.php?rest_route=\/wp\/v2\/pages\/37\/revisions\/356"}],"wp:attachment":[{"href":"https:\/\/www.aikido-sombernon.fr\/index.php?rest_route=%2Fwp%2Fv2%2Fmedia&parent=37"}],"curies":[{"name":"wp","href":"https:\/\/api.w.org\/{rel}","templated":true}]}}

Présentation

<div class="wp-block-group is-layout-constrained wp-block-group-is-layout-constrained">
<h3 class="wp-block-heading">L&rsquo;AIKIDO : voie de la non-violence.</h3>



<p class="has-normal-font-size">« La voie de l&rsquo;harmonie des énergies. »</p>



<p class="has-normal-font-size">C&rsquo;est ainsi que l&rsquo;on pourrait traduire le terme d&rsquo;Aïkido. Composé de&nbsp;<em>Aï</em>&nbsp;qui signifie « harmonie », « union » ;&nbsp;<em>Ki</em>&nbsp;qui signifie « souffle », « énergie vitale » et&nbsp;<em>Dô</em>&nbsp;qui veut dire « voie », « chemin à suivre ».&nbsp;</p>



<p class="has-normal-font-size">Né le 14 décembre 1883, le créateur de cet art martial, Morihei UESHIBA, était un enfant de faible constitution. Il s&rsquo;intéressa très tôt à la vie spirituelle et religieuse. Afin d&rsquo;équilibrer cette tendance, ses parents l&rsquo;encouragèrent à poursuivre des activités physiques telles que le sumo et la natation. A 20 ans, lors d&rsquo;un voyage à Tokyo, il suivit l&rsquo;enseignement du<em>&nbsp;tenjin shin-yô-ryû</em>&nbsp;(une an-cienne forme de Ju-Jitsu). En parallèle, il perça les secrets du<em>&nbsp;Ken-Jutsu</em>&nbsp;(techniques de sabre transmises depuis le 12ème siècle par les combattants de la famille Minamoto).</p>



<figure class="wp-block-image aligncenter size-full is-resized"><img loading="lazy" decoding="async" width="620" height="884" src="http://www.aikido-sombernon.fr/wp-content/uploads/2024/08/Morihei-Ueshiba.png" alt="" class="wp-image-336" style="width:393px;height:auto" srcset="https://www.aikido-sombernon.fr/wp-content/uploads/2024/08/Morihei-Ueshiba.png 620w, https://www.aikido-sombernon.fr/wp-content/uploads/2024/08/Morihei-Ueshiba-210x300.png 210w" sizes="auto, (max-width: 620px) 100vw, 620px" /><figcaption class="wp-element-caption"><strong>Morihei Ueshiba</strong></figcaption></figure>



<p class="has-normal-font-size">En février 1915, il rencontra le maître de l&rsquo;école Daïto : Sokaku TAKEDA (expert dans l&rsquo;art de manier le sabre et disciple de Saïgo TANOMO appartenant à la caste guerrière Aïzu). Ce dernier accepta de lui enseigner les techniques secrètes du Daïto-ryû aïki-jutsu (système d&rsquo;autodéfense).</p>



<p class="has-normal-font-size">Très peiné par la mort de son père en janvier 1920, Maître UESHIBA décida de se retirer à Ayabe, dans un temple, sous la direction de Wanisaburo DEGUCHI. C&rsquo;est pendant cette période de méditation, que Morihei UESHIBA eut la révélation que le vrai budo n&rsquo;est pas de vaincre un adversaire par la force, mais de garder la paix en ce monde.</p>



<p class="has-normal-font-size">C&rsquo;est ainsi que naquit l&rsquo;Aïkido.</p>



<p class="has-normal-font-size">En avril 1931, Le Maître s&rsquo;installa dans un quartier de Tokyo, dans un dojo nouvellement construit, auquel il donna le nom de KOBUKAN. </p>



<div class="wp-block-columns is-layout-flex wp-container-core-columns-is-layout-28f84493 wp-block-columns-is-layout-flex">
<div class="wp-block-column is-layout-flow wp-block-column-is-layout-flow">
<figure class="wp-block-image size-full"><img loading="lazy" decoding="async" width="1024" height="619" src="http://www.aikido-sombernon.fr/wp-content/uploads/2024/08/Opening-ceremony-of-the-Kobukan-April-1931.jpg" alt="" class="wp-image-351" srcset="https://www.aikido-sombernon.fr/wp-content/uploads/2024/08/Opening-ceremony-of-the-Kobukan-April-1931.jpg 1024w, https://www.aikido-sombernon.fr/wp-content/uploads/2024/08/Opening-ceremony-of-the-Kobukan-April-1931-300x181.jpg 300w, https://www.aikido-sombernon.fr/wp-content/uploads/2024/08/Opening-ceremony-of-the-Kobukan-April-1931-768x464.jpg 768w" sizes="auto, (max-width: 1024px) 100vw, 1024px" /><figcaption class="wp-element-caption">Cérémonie d&rsquo;ouverture du Kobukan en 1931</figcaption></figure>
</div>



<div class="wp-block-column is-layout-flow wp-block-column-is-layout-flow">
<figure class="wp-block-image aligncenter size-full is-resized"><img loading="lazy" decoding="async" width="1024" height="739" src="http://www.aikido-sombernon.fr/wp-content/uploads/2024/08/Main-dojo-of-the-Kobukan.jpg" alt="" class="wp-image-350" style="width:364px;height:auto" srcset="https://www.aikido-sombernon.fr/wp-content/uploads/2024/08/Main-dojo-of-the-Kobukan.jpg 1024w, https://www.aikido-sombernon.fr/wp-content/uploads/2024/08/Main-dojo-of-the-Kobukan-300x217.jpg 300w, https://www.aikido-sombernon.fr/wp-content/uploads/2024/08/Main-dojo-of-the-Kobukan-768x554.jpg 768w" sizes="auto, (max-width: 1024px) 100vw, 1024px" /><figcaption class="wp-element-caption">Dojo Principal du Kobukan</figcaption></figure>
</div>
</div>



<p class="has-normal-font-size">Ce n&rsquo;est qu&rsquo;en 1948, après avoir été fermé par les américains pendant la guerre, que ce dojo pris le nom d&rsquo;AIKIKAI.</p>



<figure class="wp-block-image size-full is-resized"><img loading="lazy" decoding="async" width="1024" height="663" src="http://www.aikido-sombernon.fr/wp-content/uploads/2024/08/The-Kobukan-in-1967.jpg" alt="" class="wp-image-352" style="width:920px;height:auto" srcset="https://www.aikido-sombernon.fr/wp-content/uploads/2024/08/The-Kobukan-in-1967.jpg 1024w, https://www.aikido-sombernon.fr/wp-content/uploads/2024/08/The-Kobukan-in-1967-300x194.jpg 300w, https://www.aikido-sombernon.fr/wp-content/uploads/2024/08/The-Kobukan-in-1967-768x497.jpg 768w" sizes="auto, (max-width: 1024px) 100vw, 1024px" /><figcaption class="wp-element-caption"><strong>Kobukan</strong></figcaption></figure>



<p class="has-normal-font-size">Après la guerre, l&rsquo;Aïkido fut le premier art martial qui reçut l&rsquo;autorisation de reprendre la pratique en raison de sa tendance pacifiste. Dés lors, le nombre des élèves ne fit qu&rsquo;augmenter et c&rsquo;est à cette époque que naquit vraiment la forme moderne d&rsquo;Aïkido.</p>



<p class="has-normal-font-size">En avril 1969, lorsque le Maître mourut, l&rsquo;Aïkido était pratiqué par des centaines de milliers de personnes sur les cinq continents.</p>



<p class="has-normal-font-size">Ce bref historique est indispensable pour comprendre la recherche spirituelle qui a conduit à la naissance de l&rsquo;Aïkido. Si cette réflexion est présente dans tous les arts martiaux, jamais personne ne l&rsquo;avait approfondie jusqu&rsquo;à englober en son sein l&rsquo;amour de l&rsquo;humanité. L&rsquo;aïkidoka doit s&#8217;employer à chasser de lui tout ce qui s&rsquo;oppose à cette idée : mépris, peur, orgueil, haine, etc&#8230; Faute d&rsquo;une telle compréhension, la pratique seule, demeure en partie inefficace.</p>



<p class="has-normal-font-size"></p>



<h3 class="wp-block-heading">L&rsquo;AÏKIDO ART MARTIAL</h3>



<p class="has-normal-font-size">L&rsquo;Aïkido est un art martial imprégné de la tradition chevaleresque Japonaise dont il est l&rsquo;un des aboutissements.<br>Créé au début du siècle sous l&rsquo;impulsion de Maître Morihei UESHIBA (1883-1969), l&rsquo;Aïkido fait la synthèse des anciens arts de combat destructeurs dans le but de rechercher à désarmer l&rsquo;adversaire et plutôt que de l&rsquo;abattre, de neutraliser ses intentions agressives.&nbsp;</p>



<p class="has-normal-font-size">De portée universelle, l&rsquo;Aïkido s&rsquo;est répandu dans le monde entier en conservant l&rsquo;esprit et les valeurs qui lui ont donné naissance; ainsi chacun peut pratiquer l&rsquo;Aïkido sans abandonner sa propre culture.</p>



<p class="has-normal-font-size"></p>



<h3 class="wp-block-heading">EFFICACITÉ</h3>



<p class="has-normal-font-size">Les techniques d&rsquo;Aïkido utilisent des projections et des immobilisations pouvant être accompagnées&nbsp;<em>d&rsquo;atémis</em>.</p>



<p class="has-normal-font-size">L&rsquo;Aïkido utilise essentiellement la non résistance et les déplacements. Le principe fondamental consiste à faire le vide devant l&rsquo;adversaire en évitant de s&rsquo;opposer directement à son attaque et en s&rsquo;intégrant dans l&rsquo;action qu&rsquo;il a engagée.</p>



<p class="has-normal-font-size">Les mouvements d&rsquo;Aïkido, très fluides, s&rsquo;inscrivent essentiellement dans des cercles et des spirales avec un travail important de respiration, de concentration, de recherche d&rsquo;harmonie et d&rsquo;énergie dans le mouvement.</p>



<p class="has-normal-font-size">L&rsquo;aspect séduisant des techniques fluides et l&rsquo;élégance des déplacements, ne diminuent en rien l&rsquo;efficacité de l&rsquo;Aïkido. Exécutées dans la réalité du combat les techniques d&rsquo;Aïkido peuvent être redoutable.</p>



<p class="has-normal-font-size"></p>



<h3 class="wp-block-heading">L&rsquo;AIKI TAÏSO</h3>



<p class="has-normal-font-size"><strong>Aiki :</strong>&nbsp;Union des énergies</p>



<p class="has-normal-font-size"><strong>Taïso</strong>&nbsp;: Gymnastique</p>



<p class="has-normal-font-size">L&rsquo;Aiki Taïso regroupe une grande variété d exercices, méditation, concentration, respiration, travail sur l énergie, assouplissement, renforcement musculaire profond, relâchement, relaxation.</p>



<p class="has-normal-font-size">Il est une méthode qui permet de renforcer la santé physique et mentale.</p>



<p class="has-normal-font-size">Il représente l&rsquo;ensemble des exercices préparatoires à la pratique des Arts Martiaux en générale et l&rsquo; Aïkido en particulier.</p>
</div>



<p></p>

<p>L&rsquo;AIKIDO : voie de la non-violence. « La voie de l&rsquo;harmonie des énergies. » C&rsquo;est ainsi que l&rsquo;on pourrait traduire le terme d&rsquo;Aïkido. Composé de&nbsp;Aï&nbsp;qui signifie « harmonie », « union » ;&nbsp;Ki&nbsp;qui signifie « souffle », « énergie vitale » et&nbsp;Dô&nbsp;qui veut dire « voie », « chemin à suivre ».&nbsp; Né le 14 décembre 1883, le créateur de cet art martial, Morihei UESHIBA, était un [&hellip;]</p>
